-740
In base 16, what is 3 - -382ae?
382b1
In base 14, what is -866 + -1?
-867
In base 9, what is 2 - 571?
-568
In base 10, what is 44 + -1939?
-1895
In base 14, what is 8 + -8db12?
-8db08
In base 10, what is 2897 - 64?
2833
In base 2, what is -101011110110010 - 111000?
-101011111101010
In base 16, what is 4 + -5dad?
-5da9
In base 11, what is -7027 + -5?
-7031
In base 8, what is -1656375 - 5?
-1656402
In base 2, what is 1010 - 10100000100?
-10011111010
In base 14, what is 0 + 1173?
1173
In base 13, what is 2b - 2019b?
-20170
In base 12, what is -5 + -6688?
-6691
In base 8, what is -1641034 + 3?
-1641031
In base 10, what is -19 + -327?
-346
In base 11, what is -2533 + 36?
-24a8
In base 12, what is -42 + b7?
75
In base 13, what is -255 - -199?
-89
In base 16, what is -3 - ce0?
-ce3
In base 4, what is -3 - 131020?
-131023
In base 10, what is 479 - 278?
201
In base 5, what is -111 - -3140301?
3140140
In base 4, what is 203023 + 3121?
212210
In base 11, what is -102586 + 2?
-102584
In base 8, what is -131 + -6211?
-6342
In base 7, what is -13154 + 34?
-13120
In base 13, what is -86 - 7b9b?
-7c54
In base 6, what is 0 - 12222021?
-12222021
In base 15, what is -10 + -34a?
-35a
In base 11, what is -19 + 343a?
3421
In base 8, what is -2 + -27747?
-27751
In base 15, what is 98 + 2bab?
2c54
In base 16, what is 2 + -11948?
-11946
In base 2, what is -111001100100 - 10110?
-111001111010
In base 7, what is -5 - 562602?
-562610
In base 16, what is 5 - 1229f?
-1229a
In base 10, what is -48369 - -5?
-48364
In base 15, what is -5 + 118c4?
118be
In base 6, what is 1115 + -502?
213
In base 6, what is 32020321 + 2?
32020323
In base 2, what is 100100101000 - -100?
100100101100
In base 9, what is 5 - 408133?
-408127
In base 3, what is 1200 + 20110000?
20111200
In base 10, what is 4 - -1270?
1274
In base 3, what is -1212111111 - -21?
-1212111020
In base 4, what is -3 - 10333303?
-10333312
In base 9, what is -3 - -2481?
2477
In base 11, what is -5001 - 82?
-5083
In base 4, what is 2323030002 - -11?
2323030013
In base 13, what is 2 + 90956?
90958
In base 16, what is 1b - 54e3?
-54c8
In base 2, what is -10011101 + -100000?
-10111101
In base 14, what is 2 + -27c55?
-27c53
In base 6, what is -4 - 42010?
-42014
In base 9, what is -120884 - 3?
-120887
In base 10, what is 15 + 3556?
3571
In base 3, what is 2 + -12012121201?
-12012121122
In base 3, what is 10122101 - -11?
10122112
In base 11, what is 534 - -1024?
1558
In base 10, what is 983 - -27?
1010
In base 9, what is -576 - 1688?
-2375
In base 12, what is 699 - -125?
802
In base 9, what is 24831 - 1?
24830
In base 11, what is -30 + -a2?
-122
In base 11, what is 30141 - 5?
30137
In base 13, what is -2bb3 + -34?
-2c17
In base 7, what is 110 + -4124?
-4014
In base 3, what is -101 + -11000022?
-11000200
In base 16, what is 16f7d + 0?
16f7d
In base 5, what is 4 + -1413334?
-1413330
In base 11, what is -4 + 13a0?
1397
In base 10, what is -221 - 1891?
-2112
In base 11, what is 87332 - -4?
87336
In base 14, what is 15488b - 3?
154888
In base 6, what is -5 - -343420?
343411
In base 10, what is -26 + -5932?
-5958
In base 11, what is 1 + -128601?
-128600
In base 8, what is 3 - -40465?
40470
In base 8, what is 156 + 0?
156
In base 12, what is -51 + 11a?
89
In base 4, what is -1010132 + 22?
-1010110
In base 7, what is 230523 + 3?
230526
In base 10, what is -6559 - -4?
-6555
In base 16, what is -16 + 1814?
17fe
In base 4, what is 0 - -2201?
2201
In base 15, what is -d - 7113?
-7121
In base 11, what is 4 - 164059?
-164055
In base 4, what is -102003 - -113132?
11123
In base 12, what is -220a4 + -5?
-220a9
In base 12, what is -21 - -7a1a?
79b9
In base 15, what is -a - 223?
-22d
In base 16, what is -9c8 - -107?
-8c1
In base 3, what is -2120 + -10101102?
-10110222
In base 14, what is 21c + 123b?
1459
In base 12, what is -75 + a07?
952
In base 5, what is -4332 + 421?
-3411
In base 4, what is -33230 + 3032?
-30132
In base 15, what is -2 - 6c44?
-6c46
In base 9, what is -1861136 + 0?
-1861136
In base 4, what is -22301 + -3?
-22310
In base 9, what is 121 - -1614?
1735
In base 16, what is 53f - -172?
6b1
In base 12, what is 10126 + 18?
10142
In base 3, what is 11012100222 + 11?
11012101010
In base 12, what is 14528 - 4?
14524
In base 14, what is 0 + -3368?
-3368
In base 6, what is -214522 + 2?
-214520
In base 10, what is 447 - -117?
564
In base 16, what is 1 - a03?
-a02
In base 6, what is -2504 + 2304?
-200
In base 15, what is 1 + -53410?
-5340e
In base 4, what is 31 - 301121?
-301030
In base 14, what is d7 - 185?
-8c
In base 2, what is 100 - 1011100110001100111?
-1011100110001100011
In base 10, what is 5364156 - 0?
5364156
In base 6, what is -15 - -44420?
44401
In base 11, what is 245 - 482?
-238
In base 12, what is -41 + -18087?
-18108
In base 7, what is 203 + 65161?
65364
In base 15, what is -4 + -11ed7d?
-11ed82
In base 13, what is 15052 + -8?
15047
In base 5, what is 400 - 2320012?
-2314112
In base 14, what is -276b + 22?
-2749
In base 9, what is -35415 + -54?
-35470
In base 5, what is 3 + -1024434?
-1024431
In base 7, what is -1206525 - -44?
-1206451
In base 15, what is -45 + -484?
-4c9
In base 8, what is -265 - 230?
-515
In base 15, what is 14 - 1b30?
-1b1b
In base 8, what is 4442 + 546?
5210
In base 12, what is 3865 + -6?
385b
In base 10, what is 189396 + 2?
189398
In base 10, what is -965 + -310?
-1275
In base 4, what is 1 + -120221203?
-120221202
In base 5, what is -41124 - -304?
-40320
In base 9, what is -13 - -10007?
8884
In base 9, what is 14 + -4486?
-4472
In base 11, what is 5113 - -443?
5556
In base 2, what is -10100101101 - -10010?
-10100011011
In base 5, what is -41 + -2432111?
-2432202
In base 4, what is -2 - -1230001?
1223333
In base 10, what is -43576 - 27?
-43603
In base 12, what is 11643 + 23?
11666
In base 14, what is 5751 + -1?
5750
In base 11, what is 1a9 - -96?
294
In base 6, what is 33 + 101440?
101513
In base 14, what is -2 - -824?
822
In base 10, what is -421 + -8?
-429
In base 11, what is -538 + a5?
-443
In base 2, what is 1010 + -100101001001?
-100100111111
In base 4, what is 30 - 103232?
-103202
In base 5, what is 10 + 41141?
41201
In base 10, what is -34829 + -46?
-34875
In base 16, what is -6 + 121c?
1216
In base 4, what is 32133 + -2031?
30102
In base 15, what is -1d120 + -3?
-1d123
In base 9, what is -58576 + -5?
-58582
In base 16, what is 3ef3 + -1?
3ef2
In base 6, what is -1532351 + -44?
-1532435
In base 7, what is -2 + -202520?
-202522
In base 12, what is 921 + 3?
924
In base 9, what is -4 + 5462?
5457
In base 12, what is -a624 + -5?
-a629
In base 4, what is -22032230 - 13?
-22032303
In base 11, what is -3 + -7915a?
-79162
In base 6, what is -12354 + -342?
-13140
In base 2, what is 100001010111000101 + 11?
100001010111001000
In base 16, what is -1 + -151cd?
-151ce
In base 5, what is 1 - 2303322?
-2303321
In base 4, what is -2233023220 - 2?
-2233023222
In base 7, what is -134166 + -2?
-134201
In base 3, what is -21011 - 210120?
-1001201
In base 16, what is -8c4d + 1?
-8c4c
In base 2, what is 101 - -1100101000111011?
1100101001000000
In base 3, what is -11 + -10100022?
-10100110
In base 10, what is -678 - -3?
-675
In base 15, what is -1 - -9063?
9062
In base 2, what is -11010010 + -1101111001?
-10001001011
In base 11, what is -58981 + 2?
-5897a
In base 14, what is -6c - 9a?
-128
In base 4, what is -111202 - 13113?
-130321
In base 5, what is 10 + -202242144?
-202242134
In base 14, what is -465b + -2?
-465d
In base 16, what is -29e1aa + 3?
-29e1a7
In base 15, what is 4b064 - -3?
4b067
In base 3, what is -22 + 10101000020?
10100222221
In base 7, what is -10 - -234665?
234655
In base 11, what is -197 - -284?
98
In base 8, what is 43 - 406?
-343
In base 15, what is -17e15 + -3?
-17e18
In base 8, what is -123767 + -3?
-123772
In base 7, what is 101211 - 0?
101211
In base 12, what is 28 + 252?
27a
In base 2, what is -100110101011110011100 + 11?
-100110101011110011001
In base 8, what is 0 + 20433?
20433
In base 13, what is -c9 - -180?
84
In base 7, what is -645443 - 5?
-645451
In base 6, what is 25511 + 50?
30001
In base 4, what is 10 - 1020003033?
-1020003023
In base 16, what is 1f1a - 8?
1f12
In base 2, what is 1000101101011111100111 - 100?
1000101101011111100011
In base 11, what is 20840 - -17?
20857
In base 